f t and c?
9
Let x = -9 - -12. Suppose 0*m + x*m = 9. Suppose -11 = -4*l + m*z, 5*l - 5 = -z - 4*z. What is the greatest common divisor of l and 26?
2
Let z be (-6)/(-5)*5*3. Suppose -223*w + 238 = -220*w - 5*d, d = -3*w + 244. What is the highest common divisor of z and w?
9
Suppose 12*k - 6*k = -102. Let j = k - -20. Suppose 2 = h - j. What is the highest common factor of h and 2?
1
Suppose 5*l = -2*u + 12, -4*l + 5*u + 0 = -3. Let h be l/(3/12*-2) - -18. Calculate the greatest common divisor of 14 and h.
14
Let c be -3*80/(-24)*(-6)/(-4). Let m be ((-3)/c - 330/100)*-20. Calculate the greatest common factor of m and 28.
14
Let b = -1432 - -1461. What is the highest common divisor of b and 1073?
29
Suppose u + 417 = 5*q - u, -q = -4*u - 87. Let w = -33 + q. Calculate the highest common factor of w and 350.
50
Let z = 304 + -255. Let x be (-1 - 665/z)*-7. What is the greatest common divisor of x and 68?
34
Let b(p) = 13*p + 173. Let s be (-19 + 16)*(12/9 + 3). Let c be b(s). What is the highest common divisor of c and 212?
4
Suppose -705*c = -687*c - 864. Calculate the highest common factor of 9456 and c.
48
Let j be 112/49 + 6/(-21). Suppose -2*i = 2*h - 18, 48 = 4*h - 0*h - j*i. Calculate the highest common factor of h and 319.
11
Suppose 0 = 4*a + 73 - 53, -3*h + 17 = -a. Suppose 2*l - 792 = -3*j, 9*j + l = h*j + 1320. What is the highest common factor of 48 and j?
24
Let o be 16 - -11 - (8 - 8). Calculate the greatest common factor of 48 and o.
3
Suppose 0 = 3*p + 5*h - 715, 246*h - 935 = -4*p + 243*h. What is the highest common divisor of 18 and p?
2
Suppose -20*q = -23*q. Suppose 43*r - 33*r - 80 = q. Calculate the highest common factor of r and 8.
8
Let s be 3/((-3)/14)*2. Let z be 8*(-7)/(-280) - 836/(-20). Let l = z + s. Calculate the greatest common divisor of 28 and l.
14
Suppose 4*b - 183 = -39. Suppose 207 = 4*c + 3*t, -1619*c = -1616*c + 2*t - 158. Calculate the highest common divisor of b and c.
12
Suppose 3*j - 561 = 3*c, -j - 13*c + 17*c = -208. What is the greatest common factor of 1665 and j?
45
Suppose -21 = -d + 4*x, -5*x = 2*d + 3*d + 20. Let b be 31 - ((-6)/2 + d). Let j be (29/(-174)*4)/(2/(-693)). What is the highest common factor of b and j?
33
Suppose l + 119*o - 124*o = 5, -o + 111 = 3*l. Calculate the greatest common factor of 567 and l.
7
Let u = -24 - -28. Suppose -2*w - 20 + 97 = -z, -u*z = 2*w - 102. Let k = w - 34. What is the greatest common divisor of k and 14?
7
Suppose -55*d + 48*d + 1771 = 0. Let l = d - 237. What is the greatest common factor of l and 72?
8
Let f = 541 - 535. Let n be 14 - (-4 + 24/f). What is the highest common divisor of n and 399?
7
Let b be 102 + -51 + (-16 - -1). Suppose -3*r + 88 = -4*w, -4*r - 4*w + 80 = -0*w. What is the greatest common factor of r and b?
12
Suppose 0 = -5*v + x + 5, -2*x + 11 = -3*v + 7. Let b(h) = 22*h - 29. Let z be b(v). What is the highest common divisor of z and 12?
3
Let y(z) = 18*z**2 - 8*z. Let h be y(1). What is the greatest common factor of h and 1570?
10
Let b be 825/(-10)*(1/(-13) - (-1715)/(-1365)). What is the highest common divisor of 195 and b?
5
Suppose -6*a = -2*a - 20. Let o(s) = 19*s + 14 - 7*s + 64*s**2 - 65*s**2. Let m be o(13). Calculate the greatest common factor of a and m.
1
Suppose -3*t = -2*f + 106, -3*t - f - 118 + 27 = 0. Let u be (t/(-20))/(4/260). What is the greatest common divisor of 8 and u?
8
Let i = -4946 - -9905. What is the greatest common divisor of i and 87?
87
Let m(i) = -i**2 + 27*i - 35. Let r be m(26). Let p be 873 + r + (-7 - -14). What is the greatest common divisor of p and 13?
13
Suppose 3*o + 3*s - 471 = 0, -2*o + 3*s - 7*s + 318 = 0. Suppose o*g + 24 = 159*g. Let q = 23 + -11. Calculate the greatest common divisor of q and g.
6
Suppose 9 = 3*u - 12, -4*u = -3*p + 197. What is the greatest common divisor of 7200 and p?
75
Let x be 40/(5320/577011) - (-3)/(-7). Calculate the highest common divisor of 90 and x.
18
Let t(v) = -v**2 - 22*v + 4. Let b be t(-22). Suppose 0 = -b*h + 2*s, 2*s = 2*h + 7 - 3. What is the greatest common divisor of 12 and h?
2
Let l(b) = b**2 + 182. Let c be l(0). Let w = 310228 - 310172. What is the highest common factor of w and c?
14
Let g(j) = 3*j**3 - 15*j**2 + 5*j + 8. Let h be g(4). Let r = h - -88. What is the highest common divisor of 34 and r?
34
Let h be (-34)/119*-28 - -2087. What is the highest common divisor of 10 and h?
5
Suppose 0 = 7*c + 32 - 578. Let g = -73 + c. Let j(n) = 6*n - 14. Let q be j(g). Calculate the greatest common factor of 16 and q.
16
Let v be -3*(-4 - -3 - (3 + 1)). Suppose 8*n = v*n - 28. Let k be (33 - 1)*3/6. What is the highest common divisor of n and k?
4
Let l(y) = -y**2 + 63*y + 40. Let j be l(29). Calculate the highest common factor of j and 621.
27
Let j(d) = -405*d**3 + d**2 + d + 2. Let u be j(-1). Let s = -2078 - -2089. Calculate the greatest common factor of u and s.
11
Let k be (-4)/(-14) - 27/21. Let u = 6 + k. Suppose 3*h + 12 = 0, -u*g - 81 = h - 217. Calculate the greatest common divisor of 70 and g.
14
Suppose -j = -2*j - 3, -28587 = -5*g - j. Suppose g = 9*t - 4137. Calculate the highest common factor of t and 15.
15
Let z(a) = -a**3 + 5*a**2 + 28*a - 89. Let i be z(5). Calculate the greatest common factor of 884 and i.
17
Let r(m) = 105*m + 2115. Let w be r(-20). What is the highest common factor of w and 220?
5
Suppose -23186*o = -23162*o - 129816. What is the highest common factor of 36 and o?
9
Suppose 155952 - 13632 = 29*z - 9*z. What is the greatest common factor of 12 and z?
12
Suppose 52*f - 98 = 45*f. Suppose -4*q - 2*i = -0*q - 230, -2*i = -6. What is the greatest common factor of f and q?
14
Let n be (-1)/(11 - (-9080)/(-825)). What is the highest common divisor of 22 and n?
11
Suppose -b - 90 = 2*t - 98, 2*t - 26 = -4*b. Calculate the highest common divisor of b and 42.
6
Let a be 86/2*((-3)/12 - (-588)/48). What is the highest common factor of 12 and a?
12
Suppose 0 = 5*g - 4*n - 192, -g + 3 = -3*n - 42. Let q = -140 + 260. What is the greatest common factor of g and q?
12
Suppose r + 3*i = 103, -5*r + 2*i + 185 + 381 = 0. Suppose -182*z + 106*z + 10640 = 0. What is the highest common divisor of r and z?
28
Let j(m) = m**3 - 195*m - 948. Let h be j(16). Let l = -8 + 64. What is the highest common divisor of h and l?
28
Let l = -50 + -55. Let r be (2 + -1)/((-5)/l). Suppose 0 = -3*d + 4*d - 84. What is the highest common divisor of d and r?
21
Let t(h) = -6*h - 22. Let q be t(-5). Suppose 0 = -q*z + 18*z - 4080. What is the greatest common factor of 24 and z?
24
Suppose 3687*i - 3746*i = -11800. Suppose p = 4*p - 60. Calculate the highest common divisor of p and i.
20
Suppose 3*v = 7*v + 12, 3*z + 948 = 3*v. Let g = z - -604. What is the greatest common divisor of 15 and g?
15
Let r = 4009 - 3913. Calculate the greatest common factor of r and 3.
3
Let o be (4/10)/((6 - 3)/30). Suppose o*g - 4*k = 140, g + 4*g = -k + 145. Calculate the highest common factor of 40 and g.
10
Let b be (-1)/3 - (-201)/9. Let n be (0 + b)/((-12)/126*-7). Calculate the greatest common divisor of n and 99.
33
Suppose o = -3*o + 40. Let a(n) = n**2 - 35*n + 30. Let q be a(34). Let b be 2/((-105)/(-30)*q/(-35)). Calculate the highest common factor of b and o.
5
Let a(y) = 13*y**3 - y**2 - 35*y + 34. Let k be a(1). What is the highest common factor of 891 and k?
11
Let k be (-1 - (-1 + 1))*1025/(-25). Suppose 306 - k = 5*z. Calculate the highest common divisor of 159 and z.
53
Suppose -4*l - 6260 = -3*d, 4*d - 23*l - 8345 = -18*l. Calculate the greatest common factor of 160 and d.
160
Let g = 2724 - 2714. Calculate the highest common factor of g and 4880.
10
Suppose -4*a - h + 26 = h, 0 = 2*a - 5*h - 7. Suppose 3*d - 33*u - 164 = -31*u, 4*d + 5*u - 211 = 0. Calculate the highest common factor of a and d.
6
Let b be 6263/5 + 10/15*(-105)/(-50). Calculate the greatest common divisor of b and 4.
2
Let u(q) = -674*q - 1200. Let j be u(-2). What is the highest common divisor of j and 14393?
37
Let t be 31400/110 + (-48)/(-88). Suppose t + 8 = 21*j. Suppose -3*g - 49 = -4*v - 243, -5*g + 4*v + 334 = 0. Calculate the greatest common divisor of j and g.
14
Suppose -39*j = -36*j - 5*r - 1358, -5*j = -5*r - 2240. What is the highest common factor of j and 